2*n - 1. Determine p(-4).
7
Let n(q) = 9*q + 1. Calculate n(2).
19
Let y(t) = t**3 - 7*t**2 - 9*t + 9. Give y(7).
-54
Let k(i) = i**3 + 29*i**2 - 31*i - 51. Determine k(-30).
-21
Let q(v) = -6*v + 16. What is q(4)?
-8
Let s(i) = i**3 + 15*i**2 + 27*i + 17. Calculate s(-13).
4
Let s(z) = -2*z + 42. Calculate s(14).
14
Let q(n) = -11*n**3 - n**2 - n + 1. Determine q(-1).
12
Let g(y) = y**3 - 3*y**2 - 3*y - 3. Calculate g(4).
1
Let w(d) = 2*d**2 - 21*d + 12. What is w(9)?
-15
Let j(r) = -r**2 - 4*r + 8. What is j(-5)?
3
Let c(h) = h**3 - 4*h**2 - 15*h + 15. Determine c(6).
-3
Let q(l) = l**2 + 14*l - 14. Give q(-15).
1
Let l(r) = -r**3 - 14*r**2 + 13*r - 22. Give l(-15).
8
Let m(d) = -d**3 - 34*d**2 + 2*d + 63. Give m(-34).
-5
Let l(p) = 9*p + 91. Give l(-17).
-62
Let b(l) = -8*l - 70. What is b(-9)?
2
Let k(u) = u**3 + 5*u**2 + 5*u + 5. What is k(-5)?
-20
Let z(s) = 4*s - 103. What is z(28)?
9
Let s(x) = -21*x - 127. Determine s(-6).
-1
Let q(u) = -55*u + 664. Determine q(12).
4
Let d(n) = -n**2 - n + 5. Calculate d(4).
-15
Let g(t) = -2*t**3 - 9*t**2 - 5*t + 4. Give g(-3).
-8
Let y(d) = -6*d**2 + 4*d + 4. Determine y(-1).
-6
Let b(a) = -4*a**3 + 7*a**2 - 6*a + 10. Determine b(2).
-6
Let b(u) = -u**3 + 3*u**2 - 12*u + 24. Determine b(5).
-86
Let z(d) = -d**3 - 19*d**2 - 8*d + 8. Give z(-19).
160
Let s(h) = 2*h**2 + 33*h - 1. Calculate s(-15).
-46
Let c(g) = g + 8. What is c(-7)?
1
Let c(s) = -22*s**2 - s + 1. Give c(-2).
-85
Let d(w) = 8*w**2 - 2*w. Give d(2).
28
Let f(u) = -u**3 + 13*u**2 - 16*u - 14. Calculate f(12).
-62
Let d(r) = 18*r. What is d(1)?
18
Let v(z) = 2*z**2 - 3*z + 1. Give v(2).
3
Let h(t) = -5*t + 12. Calculate h(9).
-33
Let a(x) = -2*x - 3. Calculate a(8).
-19
Let d(x) = 2*x - 5. Calculate d(7).
9
Let a(x) = x**2 - 2*x - 8. What is a(3)?
-5
Let v(h) = h**3 - 6*h**2 + 6*h + 3. What is v(4)?
-5
Let p(v) = -v**3 - 5*v**2 + v. Calculate p(-5).
-5
Let m(v) = -v**2 + 47*v + 264. What is m(-5)?
4
Let j(v) = -v**2 + 14*v - 5. What is j(14)?
-5
Let z(n) = -n**3 - 6*n**2 - 11. Determine z(-6).
-11
Let u(c) = -8*c + 259. Calculate u(27).
43
Let z(y) = -y**2 + 11*y - 8. Determine z(11).
-8
Let n(x) = x**2 + x + 1. Determine n(-4).
13
Let i(b) = b**3 + 7*b**2 + 3*b - 1. Determine i(-6).
17
Let v(k) = -k**2 + 9*k + 12. Determine v(10).
2
Let c(j) = -j**3 - 19*j**2 - 35*j + 7. Calculate c(-17).
24
Let u(t) = 13*t + 51. Calculate u(-4).
-1
Let k(n) = -n**3 + 13*n**2 + 14*n - 32. What is k(14)?
-32
Let r(d) = d**2 - 7*d + 5. Give r(3).
-7
Let w(s) = -s**3 - 12*s**2 - 17. Calculate w(-12).
-17
Let w(q) = q**2 - 3*q + 5. Calculate w(-3).
23
Let w(j) = 5*j**3 - j**2 - j + 2. Calculate w(2).
36
Let l(k) = -45*k - 13. What is l(-1)?
32
Let c(o) = o**3 - 8*o**2 + 10*o + 2. What is c(7)?
23
Let i(f) = -f**3 - 49*f**2 - f - 20. What is i(-49)?
29
Let f(t) = t**3 + 7*t**2 + 14*t + 27. Determine f(-5).
7
Let x(l) = -l**3 + 6*l**2 - 7*l - 2. Determine x(4).
2
Let w(o) = -5*o**2 - 3*o - 2. What is w(-2)?
-16
Let t(w) = 2*w**2 + 21*w + 18. Calculate t(-10).
8
Let i(v) = -v**2 + 8*v - 21. Give i(3).
-6
Let d(i) = i**2 - 16*i + 26. Determine d(12).
-22
Let w(b) = 4*b + 44. Give w(-6).
20
Let n(i) = i**3 - 6*i**2 + 2*i - 2. What is n(5)?
-17
Let w(k) = -70*k**3 - k**2 + 1. Calculate w(-1).
70
Let z(n) = -n**3 + 7*n**2 + 13*n - 29. Calculate z(8).
11
Let q(a) = a - 22. What is q(14)?
-8
Let k(d) = -d**2 - 8*d + 3. What is k(-8)?
3
Let i(c) = 2*c**2 - 11*c - 2. Determine i(6).
4
Let p(y) = -7*y**2 - 10*y - 11. What is p(-1)?
-8
Let h(l) = -8*l + 5. Determine h(-5).
45
Let c(n) = -n**2 - 4*n - 2. Determine c(-6).
-14
Let u(h) = 10*h**2 + 288*h - 35. Calculate u(-29).
23
Let m(i) = -i**3 + i**2 - 2*i - 1. Give m(2).
-9
Let s(j) = -18*j**2 + j. Give s(1).
-17
Let c(y) = -y**3 + 17*y**2 + 58*y + 38. Calculate c(20).
-2
Let g(p) = -p**3 + 3*p**2 + 2*p + 2. Determine g(4).
-6
Let o(y) = -y + 11. Calculate o(-5).
16
Let m(k) = -3*k - 11. What is m(-7)?
10
Let k(g) = -g**2 - g + 4. Calculate k(-5).
-16
Let g(j) = -133*j**2 + 2*j + 2. What is g(-1)?
-133
Let m(l) = -96*l**3 - 2*l - 2. Give m(-1).
96
Let p(f) = -21*f + 9. Give p(0).
9
Let m(h) = h**3 + 4*h**2 - 3*h + 2. What is m(-7)?
-124
Let y(s) = -3*s**3 - 1. What is y(1)?
-4
Let l(u) = -u**2 - 4*u + 6. Determine l(-8).
-26
Let h(v) = v**2 + 3*v - 58. What is h(-8)?
-18
Let g(f) = f**2 + 5*f - 16. Give g(-6).
-10
Let c(l) = -4*l - 183. Give c(-46).
1
Let o(k) = 11*k**2 - 10*k + 5. What is o(1)?
6
Let s(v) = -2*v + 33. Give s(7).
19
Let d(w) = -9*w - 15. Determine d(-4).
21
Let n(z) = 3*z**3 - 17*z**2 - 12*z + 22. Calculate n(6).
-14
Let o(t) = -t - 20. Calculate o(0).
-20
Let d(y) = -y**2 + 5*y + 8. Give d(7).
-6
Let x(p) = 2*p**2 + 17*p - 8. Calculate x(-9).
1
Let b(r) = r - 11. Calculate b(11).
0
Let m(k) = -k**2 - 61*k - 663. Give m(-47).
-5
Let m(c) = c**2 - 6*c - 10. Determine m(-4).
30
Let k(u) = -u**2 - 5*u + 17. Calculate k(-7).
3
Let l(b) = 2*b**3 - 4*b**2 - 18*b + 34. What is l(3)?
-2
Let v(y) = y**3 - 2*y**2 + 5*y - 34. Determine v(4).
18
Let s(f) = f - 18. Calculate s(-18).
-36
Let c(w) = -2*w**2 - 4*w - 8. Determine c(0).
-8
Let o(g) = -2*g**3 - 11*g**2 - 4*g - 9. Calculate o(-5).
-14
Let d(x) = x**3 - 7*x**2 + 2*x - 14. Calculate d(7).
0
Let q(s) = s**3 + 7*s**2 - 39*s - 10. Determine q(-11).
-65
Let b(w) = -w**2 - w + 1. What is b(-3)?
-5
Let t(r) = 2*r**3 + 15*r**2 + 8*r - 15. Give t(-7).
-22
Let t(z) = 2*z**2 - 2*z + 1. What is t(1)?
1
Let p(w) = 3*w + 43. Determine p(-15).
-2
Let u(x) = -38*x + 1. Calculate u(-1).
39
Let u(p) = 2*p - 4. Give u(4).
4
Let u(r) = -r**3 - 15*r**2 + 16*r - 3. Give u(-16).
-3
Let t(v) = -v**3 - 2*v**2 - 3. Give t(-3).
6
Let i(m) = 25*m - 2. Give i(1).
23
Let x(w) = 19*w - 12. Calculate x(1).
7
Let m(l) = 2*l**3 - 4*l**2 + 5*l + 1. What is m(3)?
34
Let p(l) = -3*l**3 - l**2 - 3*l + 2. Give p(2).
-32
Let m(w) = -13*w + 156. Give m(12).
0
Let o(m) = -2*m**2 + 40*m - 101. What is o(16)?
27
Let u(n) = -n**2 - 23*n - 42. Give u(-20).
18
Let n(u) = 6*u**3 - 3*u**2 - 15*u + 19. Give n(1).
7
Let g(v) = 2*v**2 + v - 20. Give g(0).
-20
Let s(g) = g**3 + 9*g**2 - 11*g - 10. Calculate s(-10).
0
Let g(a) = -19*a - 379. Calculate g(-20).
1
Let h(n) = -44*n**3 + n**2. Calculate h(-1).
45
Let a(f) = 3*f + 12. Give a(-6).
-6
Let g(z) = -3*z + 18. Determine g(6).
0
Let z(j) = -j**3 + 18*j**2 + 28*j - 176. What is z(19)?
-5
Let j(s) = s**2 + 2*s - 2. Give j(-4).
6
Let h(v) = -v**2 + 19*v + 4. Give h(19).
4
Let t(m) = m**2 - 4*m + 3. Give t(3).
0
Let o(y) = -y**2 - 13*y - 34. Give o(-6).
8
Let x(v) = v**2 - 12. Determine x(-4).
4
Let h(b) = b**3 - 5*b**2 - 4*b + 1. Calculate h(4).
-31
Let u(y) = y**2 + 3*y + 2. Give u(-8).
42
Let f(h) = h**2 + 5*h - 37. Give f(-11).
29
Let n(f) = f**3 - 7*f**2 + 5*f - 19. Determine n(6).
-25
Let v(h) = -2*h**2 - 17*h - 24. Give v(-7).
-3
Let f(s) = -13*s - 23. Calculate f(-2).
3
Let h(w) = -13*w + 8. Give h(4).
-44
Let z(o) = o**2 - 38*o - 177. Determine z(42).
-9
Let j(c) = -9*c + 38. Calculate j(5).
-7
Let b(o) = 59*o - 9. Determine b(2).
109
Let w(b) = -b**2 - 3. Give w(-6).
-39
Let i(k) = -4*k**3 + 4*k - 3. What is i(2)?
-27
Let l(y) = -5*y - 1. Calculate l(-2).
9
Let p(q) = -8*q - 15. Determine p(-6).
33
Let r(x) = -75*x + 232. What is r(3)?
7
Let t(d) = d**2 - 48*d + 406. Determine t(37).
-1
Let p(r) = -r**3 - 11*r**2 + 13*r + 15. Calculate p(-12).
3
Let t(i) = i**3 - 11*i**2 - 18*i + 9. Give t(12).
-63
Let t(y) = y**2 - 53*y + 190. Determine t(4).
-6
Let l(w) = 27*w + 792. What is l(-29)?
9
Let r(g) = -4*g - 53. Determine r(-6).
-29
Let y(h) = 39*h**2 - 2*h - 2. Determine y(-1).
39
Let o(m) = m + 9. Calculate o(-3).
6
Let d(v) = -v**2 + 13*v - 33. Determine d(7).
9
Let n(l) = 3*l + 6. What is n(-10)?
-24
Let q(i) = -i**3 - 13*i**2 - 13*i - 29. Determine q(-12).
-17
Let l(g) = -g**3 - 17*g**2 + 21*g + 53. Determine l(-18).
-1
Let a(q) = -q**3 - 19*q**2 + 93*q + 24. Determine a(-23).
1
Let i(r) = -3*r**2 - 8*r - 2. Determine i(-6).
-62
Let g(z) = -z**3 - 12*z**2 - 8*z + 21. What is g(-11)?
-12
Let y(v) = 15*v - 66. Calculate y(7).
39
Let a(l) = l**3 + 6*l**2 - 3*l + 17. Calculate a(-7).
-11
Let s(i) = -i**3 - 2*i**2 + 7*i - 10. Give s(3).
-34
Let b(r) = r**3 + 7*r**2 - 25*r - 5. Calculate b(3).
10
Let h(u) = 2*u**3 - 40*u**2 - 89*u + 24. What is h(2